{"id":8,"date":"2019-03-25T09:55:29","date_gmt":"2019-03-25T09:55:29","guid":{"rendered":"http:\/\/cmi.formadenube.es\/?p=8"},"modified":"2021-05-18T14:55:48","modified_gmt":"2021-05-18T14:55:48","slug":"contact","status":"publish","type":"page","link":"https:\/\/cmi.formadenube.es\/?page_id=8","title":{"rendered":"Contact"},"content":{"rendered":"<h1>\u00a1Vis\u00edtanos! Tu centro de la igualdad en Valladolid<\/h1>\n<div>\n<div class=\"QsDR1c\">\n<div class=\"wDYxhc\" data-attrid=\"kc:\/location\/location:address\" data-md=\"1002\" lang=\"es-ES\" data-hveid=\"CCsQAg\" data-ved=\"2ahUKEwiRtM-WvtPwAhVPXBoKHZFdCbAQkCkwInoECCsQAg\">\n<div class=\"Z1hOCe\">\n<div class=\"zloOqf PZPZlf\" data-dtype=\"d3ifr\" data-local-attribute=\"d3adr\" data-ved=\"2ahUKEwiRtM-WvtPwAhVPXBoKHZFdCbAQghwoADAiegQIKxAD\"><span class=\"GRkHZd w8qArf\"><a class=\"fl\" href=\"https:\/\/www.google.com\/search?sxsrf=ALeKk01Sns4ebFxs2qoq8s28_xt7ReEDqA:1621349664816&amp;q=centro+municipal+de+igualdad+direcci%C3%B3n&amp;stick=H4sIAAAAAAAAAOPgE-LVT9c3NEzPMCrMSks30JLNTrbSz8lPTizJzM-DM6wSU1KKUouLF7GqJ6fmlRTlK-SW5mUmZxYk5iikpCpkppcm5qQkpiikZBalJidnHt6cBwBueX_OWgAAAA&amp;ludocid=5507913124879357418&amp;sa=X&amp;ved=2ahUKEwiRtM-WvtPwAhVPXBoKHZFdCbAQ6BMwInoECCsQBA\" data-ved=\"2ahUKEwiRtM-WvtPwAhVPXBoKHZFdCbAQ6BMwInoECCsQBA\" wrc_done=\"true\">Direcci\u00f3n<\/a>:<span>\u00a0<\/span><\/span><span class=\"LrzXr\">Calle Antonio Royo Villanova, s\/n, 47014 Valladolid<\/span><\/p>\n<div jscontroller=\"JpM2Oe\" class=\"GDRHkb\" data-at=\"2\" data-uid=\"1\" jsaction=\"rcuQ6b:npT2md\"><span class=\"GRkHZd w8qArf\"><a class=\"fl\" href=\"https:\/\/www.google.com\/search?sxsrf=ALeKk01Sns4ebFxs2qoq8s28_xt7ReEDqA:1621349664816&amp;q=centro+municipal+de+igualdad+tel%C3%A9fono&amp;ludocid=5507913124879357418&amp;sa=X&amp;ved=2ahUKEwiRtM-WvtPwAhVPXBoKHZFdCbAQ6BMwJHoECCcQAg\" data-ved=\"2ahUKEwiRtM-WvtPwAhVPXBoKHZFdCbAQ6BMwJHoECCcQAg\" wrc_done=\"true\">Tel\u00e9fono<\/a>:\u00a0<\/span><span class=\"LrzXr zdqRlf kno-fv\"><a data-dtype=\"d3ifr\" data-local-attribute=\"d3ph\" jscontroller=\"cSkPLb\" href=\"https:\/\/www.google.com\/search?q=centro+de+la+igualdad+valladolid&amp;oq=centro+de+la+&amp;aqs=chrome.1.69i57j69i59l3j0j69i60j69i61j69i60.4389j0j9&amp;sourceid=chrome&amp;ie=UTF-8#\" jsdata=\"QKGTRc;_;Cbrhqk\" jsaction=\"rcuQ6b:npT2md;F75qrd\" data-ved=\"2ahUKEwiRtM-WvtPwAhVPXBoKHZFdCbAQkAgoADAkegQIJxAD\">983 42 60 10<\/a><\/span><\/div>\n<\/div>\n<\/div>\n<\/div>\n<\/div>\n<\/div>\n<div>\n<ul class=\"address\" role=\"list\">\n<li class=\"address-component address-postal\" role=\"listitem\" aria-label=\"Direcci\u00f3n postal\"><span class=\"pval pval-postal-address\"><span class=\"street\">Concejal\u00eda de Educaci\u00f3n, Infancia e Igualdad<\/span><\/span><\/li>\n<li class=\"address-component address-web\" role=\"listitem\" aria-label=\"P\u00e1gina Web\"><strong class=\"pdef pdef-web\">P\u00e1gina Web<\/strong>\n<div class=\"pval pval-web\"><a target=\"_blank\" href=\"http:\/\/igualdadvalladolid.es\/\" role=\"link\" rel=\"noopener\">http:\/\/igualdadvalladolid.es\/<\/a><\/div>\n<\/li>\n<li class=\"address-component address-phones\" role=\"listitem\" aria-label=\"Tel\u00e9fonos\"><strong class=\"pdef pdef-phones\">Tel\u00e9fonos<\/strong>\n<div class=\"pval pval-phones\">983 426 010<\/div>\n<\/li>\n<\/ul>\n<\/div>\n<p><img decoding=\"async\" src=\"\/wp-content\/uploads\/2021\/05\/Captura-de-pantalla-2021-05-08-a-las-13.06.05.png\" alt=\"\"><\/p>\n<div>Horario de apertura<\/div>\n<div>Monday\u2013Thursday: 9 am \u2013 6 pm<br \/>\nFriday: 2 pm \u2013 7 pm<br \/>\nSaturday: 11 am \u2013 7 pm<\/div>\n<div>Curabitur ullamcorper ultricies nisi. Nam eget dui etiam rhoncus maecenas tempus, tellus eget condimentum sit amet adipiscing sem neque sed ipsum.<\/div>\n<div>\n<h3>Encu\u00e9ntranos en Valladolid<\/h3>\n<div>\n<p><span class=\"GRkHZd w8qArf\"><a class=\"fl\" href=\"https:\/\/www.google.com\/search?sxsrf=ALeKk00DP53JHTg52Pzls4t8EnOHAXaBAQ:1620544429809&amp;q=centro+municipal+de+igualdad+direcci%C3%B3n&amp;stick=H4sIAAAAAAAAAOPgE-LVT9c3NEzPMCrMSks30JLNTrbSz8lPTizJzM-DM6wSU1KKUouLF7GqJ6fmlRTlK-SW5mUmZxYk5iikpCpkppcm5qQkpiikZBalJidnHt6cBwBueX_OWgAAAA&amp;ludocid=5507913124879357418&amp;sa=X&amp;ved=2ahUKEwjf6tK4hrzwAhVWD2MBHUwsD-MQ6BMwGXoECCEQBA\" data-ved=\"2ahUKEwjf6tK4hrzwAhVWD2MBHUwsD-MQ6BMwGXoECCEQBA\">Direcci\u00f3n<\/a>:<span>\u00a0<\/span><\/span><span class=\"LrzXr\">Calle Antonio Royo Villanova, s\/n, 47014 Valladolid<\/span><\/p>\n<\/div>\n<p>41.6552,-4.72372<\/p>\n<\/div>\n<h2>Partner Stores<\/h2>\n<div>Lorem ipsum dolor sit amet, consectetuer adipiscing elit. Aenean commodo ligula eget dolor. Aenean massa. Cum sociis natoque penatibus et magnis dis parturient montes.<\/div>\n<p><img decoding=\"async\" src=\"\/wp-content\/uploads\/2021\/05\/4-1.svg\" alt=\"\"><\/p>\n<ul>\n<li>\n<h3>Little Mite<\/h3>\n<div>Main Street 1234<br \/>\n1236 Anytown<br \/>\nPhone: <a class=\"uk-link-text\" href=\"tel:+5551234678\">+ 555 &#8211; 12 34 678<\/a><\/div>\n<\/li>\n<li>\n<h3>Happy Surprise<\/h3>\n<div>Main Street 1234<br \/>\n1236 Anytown<br \/>\nPhone: <a class=\"uk-link-text\" href=\"tel:+5551234678\">+ 555 &#8211; 12 34 678<\/a><\/div>\n<\/li>\n<li>\n<h3>Arts &#038; Crafts<\/h3>\n<div>Main Street 1234<br \/>\n1236 Anytown<br \/>\nPhone: <a class=\"uk-link-text\" href=\"tel:+5551234678\">+ 555 &#8211; 12 34 678<\/a><\/div>\n<\/li>\n<\/ul>\n<p><!--more--><br \/>\n<!-- {\"type\":\"layout\",\"children\":[{\"type\":\"section\",\"props\":{\"style\":\"default\",\"width\":\"default\",\"vertical_align\":\"middle\",\"title_position\":\"top-left\",\"title_rotation\":\"left\",\"title_breakpoint\":\"xl\",\"image_position\":\"center-center\",\"padding\":\"large\"},\"children\":[{\"type\":\"row\",\"props\":{\"layout\":\"1-2,1-4,1-4|1-1,1-2,1-2\",\"margin\":\"medium\",\"margin_remove_bottom\":false},\"children\":[{\"type\":\"column\",\"props\":{\"image_position\":\"center-center\",\"media_overlay_gradient\":\"\",\"width_medium\":\"1-2\",\"width_small\":\"1-1\"},\"children\":[{\"type\":\"headline\",\"props\":{\"title_element\":\"h1\",\"title_style\":\"h3\",\"text_align\":\"left\",\"text_align_breakpoint\":\"s\",\"text_align_fallback\":\"center\",\"maxwidth\":\"large\",\"content\":\"\\u00a1Vis\\u00edtanos! Tu centro de la igualdad en Valladolid\",\"position\":\"relative\",\"position_z_index\":\"1\"}}]},{\"type\":\"column\",\"props\":{\"image_position\":\"center-center\",\"media_overlay_gradient\":\"\",\"width_medium\":\"1-4\",\"width_small\":\"1-2\"},\"children\":[{\"type\":\"text\",\"props\":{\"margin\":\"default\",\"column_breakpoint\":\"m\",\"text_align\":\"left\",\"text_align_breakpoint\":\"s\",\"text_align_fallback\":\"center\",\"content\":\"\n\n<div class=\\\"QsDR1c\\\">\\n\n\n<div class=\\\"wDYxhc\\\" data-attrid=\\\"kc:\\\/location\\\/location:address\\\" data-md=\\\"1002\\\" lang=\\\"es-ES\\\" data-hveid=\\\"CCsQAg\\\" data-ved=\\\"2ahUKEwiRtM-WvtPwAhVPXBoKHZFdCbAQkCkwInoECCsQAg\\\">\\n\n\n<div class=\\\"Z1hOCe\\\">\\n\n\n<div class=\\\"zloOqf PZPZlf\\\" data-dtype=\\\"d3ifr\\\" data-local-attribute=\\\"d3adr\\\" data-ved=\\\"2ahUKEwiRtM-WvtPwAhVPXBoKHZFdCbAQghwoADAiegQIKxAD\\\"><span class=\\\"GRkHZd w8qArf\\\"><a class=\\\"fl\\\" href=\\\"https:\\\/\\\/www.google.com\\\/search?sxsrf=ALeKk01Sns4ebFxs2qoq8s28_xt7ReEDqA:1621349664816&amp;q=centro+municipal+de+igualdad+direcci%C3%B3n&amp;stick=H4sIAAAAAAAAAOPgE-LVT9c3NEzPMCrMSks30JLNTrbSz8lPTizJzM-DM6wSU1KKUouLF7GqJ6fmlRTlK-SW5mUmZxYk5iikpCpkppcm5qQkpiikZBalJidnHt6cBwBueX_OWgAAAA&amp;ludocid=5507913124879357418&amp;sa=X&amp;ved=2ahUKEwiRtM-WvtPwAhVPXBoKHZFdCbAQ6BMwInoECCsQBA\\\" data-ved=\\\"2ahUKEwiRtM-WvtPwAhVPXBoKHZFdCbAQ6BMwInoECCsQBA\\\" wrc_done=\\\"true\\\">Direcci\\u00f3n<\\\/a>:<span>\\u00a0<\\\/span><\\\/span><span class=\\\"LrzXr\\\">Calle Antonio Royo Villanova, s\\\/n, 47014 Valladolid<\\\/span>\\n\n\n<div jscontroller=\\\"JpM2Oe\\\" class=\\\"GDRHkb\\\" data-at=\\\"2\\\" data-uid=\\\"1\\\" jsaction=\\\"rcuQ6b:npT2md\\\"><span class=\\\"GRkHZd w8qArf\\\"><a class=\\\"fl\\\" href=\\\"https:\\\/\\\/www.google.com\\\/search?sxsrf=ALeKk01Sns4ebFxs2qoq8s28_xt7ReEDqA:1621349664816&amp;q=centro+municipal+de+igualdad+tel%C3%A9fono&amp;ludocid=5507913124879357418&amp;sa=X&amp;ved=2ahUKEwiRtM-WvtPwAhVPXBoKHZFdCbAQ6BMwJHoECCcQAg\\\" data-ved=\\\"2ahUKEwiRtM-WvtPwAhVPXBoKHZFdCbAQ6BMwJHoECCcQAg\\\" wrc_done=\\\"true\\\">Tel\\u00e9fono<\\\/a>:\\u00a0<\\\/span><span class=\\\"LrzXr zdqRlf kno-fv\\\"><a data-dtype=\\\"d3ifr\\\" data-local-attribute=\\\"d3ph\\\" jscontroller=\\\"cSkPLb\\\" href=\\\"https:\\\/\\\/www.google.com\\\/search?q=centro+de+la+igualdad+valladolid&amp;oq=centro+de+la+&amp;aqs=chrome.1.69i57j69i59l3j0j69i60j69i61j69i60.4389j0j9&amp;sourceid=chrome&amp;ie=UTF-8#\\\" jsdata=\\\"QKGTRc;_;Cbrhqk\\\" jsaction=\\\"rcuQ6b:npT2md;F75qrd\\\" data-ved=\\\"2ahUKEwiRtM-WvtPwAhVPXBoKHZFdCbAQkAgoADAkegQIJxAD\\\">983 42 60 10<\\\/a><\\\/span><\\\/div>\\n<\\\/div>\\n<\\\/div>\\n<\\\/div>\\n<\\\/div>\",\"position\":\"relative\",\"position_z_index\":\"1\"}}]},{\"type\":\"column\",\"props\":{\"image_position\":\"center-center\",\"media_overlay_gradient\":\"\",\"width_medium\":\"1-4\",\"width_small\":\"1-2\"},\"children\":[{\"type\":\"text\",\"props\":{\"margin\":\"default\",\"column_breakpoint\":\"m\",\"position\":\"relative\",\"position_z_index\":\"1\",\"text_align\":\"left\",\"text_align_breakpoint\":\"s\",\"text_align_fallback\":\"center\",\"content\":\"\n\n<ul class=\\\"address\\\" role=\\\"list\\\">\\n\n\n<li class=\\\"address-component address-postal\\\" role=\\\"listitem\\\" aria-label=\\\"Direcci\\u00f3n postal\\\"><span class=\\\"pval pval-postal-address\\\"><span class=\\\"street\\\">Concejal\\u00eda de Educaci\\u00f3n, Infancia e Igualdad<\\\/span><\\\/span><\\\/li>\\n\n\n<li class=\\\"address-component address-web\\\" role=\\\"listitem\\\" aria-label=\\\"P\\u00e1gina Web\\\"><strong class=\\\"pdef pdef-web\\\">P\\u00e1gina Web<\\\/strong>\\n\n\n<div class=\\\"pval pval-web\\\"><a target=\\\"_blank\\\" href=\\\"http:\\\/\\\/igualdadvalladolid.es\\\/\\\" role=\\\"link\\\" rel=\\\"noopener\\\">http:\\\/\\\/igualdadvalladolid.es\\\/<\\\/a><\\\/div>\\n<\\\/li>\\n\n\n<li class=\\\"address-component address-phones\\\" role=\\\"listitem\\\" aria-label=\\\"Tel\\u00e9fonos\\\"><strong class=\\\"pdef pdef-phones\\\">Tel\\u00e9fonos<\\\/strong>\\n\n\n<div class=\\\"pval pval-phones\\\">983 426 010<\\\/div>\\n<\\\/li>\\n<\\\/ul>\"}}]}]},{\"type\":\"row\",\"props\":{\"layout\":\"1-2,1-4,1-4|1-1,1-2,1-2\",\"margin\":\"small\"},\"children\":[{\"type\":\"column\",\"props\":{\"image_position\":\"center-center\",\"media_overlay_gradient\":\"\",\"width_medium\":\"1-2\",\"width_small\":\"1-1\"},\"children\":[{\"type\":\"image\",\"props\":{\"margin\":\"default\",\"image_svg_color\":\"emphasis\",\"image\":\"wp-content\\\/uploads\\\/2021\\\/05\\\/Captura-de-pantalla-2021-05-08-a-las-13.06.05.png\"}}]},{\"type\":\"column\",\"props\":{\"image_position\":\"center-center\",\"media_overlay_gradient\":\"\",\"width_medium\":\"1-4\",\"width_small\":\"1-2\"},\"children\":[{\"type\":\"headline\",\"props\":{\"title_element\":\"div\",\"margin\":\"small\",\"text_align\":\"left\",\"text_align_breakpoint\":\"s\",\"text_align_fallback\":\"center\",\"content\":\"Horario de apertura\"}},{\"type\":\"text\",\"props\":{\"margin\":\"\",\"column_breakpoint\":\"m\",\"text_align\":\"left\",\"text_align_breakpoint\":\"s\",\"text_align_fallback\":\"center\",\"content\":\"Monday\\u2013Thursday: 9 am \\u2013 6 pm<br \/>\\nFriday: 2 pm \\u2013 7 pm<br \/>\\nSaturday: 11 am \\u2013 7 pm\"}}]},{\"type\":\"column\",\"props\":{\"image_position\":\"center-center\",\"media_overlay_gradient\":\"\",\"width_medium\":\"1-4\",\"width_small\":\"1-2\"},\"children\":[{\"type\":\"text\",\"props\":{\"margin\":\"default\",\"column_breakpoint\":\"m\",\"text_align\":\"left\",\"text_align_breakpoint\":\"s\",\"text_align_fallback\":\"center\",\"content\":\"Curabitur ullamcorper ultricies nisi. Nam eget dui etiam rhoncus maecenas tempus, tellus eget condimentum sit amet adipiscing sem neque sed ipsum.\"}}]}]},{\"type\":\"row\",\"props\":{\"margin\":\"xlarge\"},\"children\":[{\"type\":\"column\",\"props\":{\"image_position\":\"center-center\",\"media_overlay_gradient\":\"\",\"width_medium\":\"1-1\"},\"children\":[{\"type\":\"map\",\"props\":{\"show_title\":true,\"type\":\"roadmap\",\"zoom\":\"14\",\"controls\":false,\"zooming\":true,\"dragging\":true,\"height\":\"500\",\"styler_lightness\":\"20\",\"styler_saturation\":\"-70\",\"styler_hue\":\"#EBEEF0\",\"show_meta\":true,\"show_content\":true,\"show_image\":true,\"show_link\":true,\"min_zoom\":0,\"max_zoom\":18,\"title_hover_style\":\"reset\",\"title_element\":\"h3\",\"meta_style\":\"meta\",\"meta_align\":\"below-title\",\"meta_element\":\"div\",\"image_svg_color\":\"emphasis\",\"link_text\":\"Read more\",\"link_style\":\"default\",\"margin\":\"default\"},\"children\":[{\"type\":\"map_item\",\"props\":{\"location\":\"41.6552,-4.72372\",\"title\":\"Encu\\u00e9ntranos en Valladolid\",\"content\":\"\n\n<p><span class=\\\"GRkHZd w8qArf\\\"><a class=\\\"fl\\\" href=\\\"https:\\\/\\\/www.google.com\\\/search?sxsrf=ALeKk00DP53JHTg52Pzls4t8EnOHAXaBAQ:1620544429809&amp;q=centro+municipal+de+igualdad+direcci%C3%B3n&amp;stick=H4sIAAAAAAAAAOPgE-LVT9c3NEzPMCrMSks30JLNTrbSz8lPTizJzM-DM6wSU1KKUouLF7GqJ6fmlRTlK-SW5mUmZxYk5iikpCpkppcm5qQkpiikZBalJidnHt6cBwBueX_OWgAAAA&amp;ludocid=5507913124879357418&amp;sa=X&amp;ved=2ahUKEwjf6tK4hrzwAhVWD2MBHUwsD-MQ6BMwGXoECCEQBA\\\" data-ved=\\\"2ahUKEwjf6tK4hrzwAhVWD2MBHUwsD-MQ6BMwGXoECCEQBA\\\">Direcci\\u00f3n<\\\/a>:<span>\\u00a0<\\\/span><\\\/span><span class=\\\"LrzXr\\\">Calle Antonio Royo Villanova, s\\\/n, 47014 Valladolid<\\\/span><\\\/p>\"}}]}]}]},{\"type\":\"row\",\"props\":{\"layout\":\"1-2,1-2\",\"column_gap\":\"large\",\"row_gap\":\"large\"},\"children\":[{\"type\":\"column\",\"props\":{\"image_position\":\"center-center\",\"media_overlay_gradient\":\"\",\"width_medium\":\"1-2\"},\"children\":[{\"type\":\"headline\",\"props\":{\"title_element\":\"h2\",\"title_style\":\"h4\",\"text_align\":\"left\",\"text_align_breakpoint\":\"s\",\"text_align_fallback\":\"center\",\"content\":\"Partner Stores\"}},{\"type\":\"text\",\"props\":{\"margin\":\"large\",\"column_breakpoint\":\"m\",\"maxwidth\":\"large\",\"block_align_breakpoint\":\"s\",\"block_align_fallback\":\"center\",\"text_align\":\"left\",\"text_align_breakpoint\":\"s\",\"text_align_fallback\":\"center\",\"content\":\"Lorem ipsum dolor sit amet, consectetuer adipiscing elit. Aenean commodo ligula eget dolor. Aenean massa. Cum sociis natoque penatibus et magnis dis parturient montes.\",\"margin_remove_top\":true}},{\"type\":\"image\",\"props\":{\"margin\":\"default\",\"image_svg_color\":\"emphasis\",\"position\":\"absolute\",\"text_align\":\"center\",\"text_align_breakpoint\":\"m\",\"text_align_fallback\":\"right\",\"animation\":\"parallax\",\"visibility\":\"s\",\"image\":\"wp-content\\\/uploads\\\/2021\\\/05\\\/4-1.svg\",\"image_width\":\"230\",\"css\":\".el-image {\\n    min-width: 130px;\\n    max-width: 20vw;\\n}\",\"parallax_y_end\":\"-5vh\"}}]},{\"type\":\"column\",\"props\":{\"image_position\":\"center-center\",\"media_overlay_gradient\":\"\",\"width_medium\":\"1-2\"},\"children\":[{\"type\":\"description_list\",\"props\":{\"show_title\":true,\"show_meta\":true,\"show_content\":true,\"show_link\":true,\"layout\":\"grid-2\",\"meta_style\":\"meta\",\"meta_align\":\"below-content\",\"list_style\":\"divider\",\"title_style\":\"h5\",\"title_color\":\"muted\",\"text_align\":\"left\",\"text_align_breakpoint\":\"s\",\"text_align_fallback\":\"center\",\"list_size\":\"large\",\"title_grid_column_gap\":\"small\",\"title_grid_row_gap\":\"small\",\"title_grid_breakpoint\":\"s\",\"title_grid_width\":\"medium\",\"title_element\":\"h3\",\"list_element\":\"ul\",\"column_breakpoint\":\"m\"},\"children\":[{\"type\":\"description_list_item\",\"props\":{\"content\":\"Main Street 1234<br \/>\\n1236 Anytown<br \/>\\nPhone: <a class=\\\"uk-link-text\\\" href=\\\"tel:+5551234678\\\">+ 555 - 12 34 678<\\\/a><br \/>\",\"title\":\"Little Mite\"}},{\"type\":\"description_list_item\",\"props\":{\"content\":\"Main Street 1234<br \/>\\n1236 Anytown<br \/>\\nPhone: <a class=\\\"uk-link-text\\\" href=\\\"tel:+5551234678\\\">+ 555 - 12 34 678<\\\/a><br \/>\",\"title\":\"Happy Surprise\"}},{\"type\":\"description_list_item\",\"props\":{\"content\":\"Main Street 1234<br \/>\\n1236 Anytown<br \/>\\nPhone: <a class=\\\"uk-link-text\\\" href=\\\"tel:+5551234678\\\">+ 555 - 12 34 678<\\\/a><br \/>\",\"title\":\"Arts & Crafts\"}}]}]}]}],\"name\":\"Contact\"}],\"version\":\"2.4.13.1\"} --><\/p>\n","protected":false},"excerpt":{"rendered":"<p>\u00a1Vis\u00edtanos! Tu centro de la igualdad en Valladolid Direcci\u00f3n:\u00a0Calle Antonio Royo Villanova, s\/n, 47014 Valladolid Tel\u00e9fono:\u00a0983 42 60 10 Concejal\u00eda de Educaci\u00f3n, Infancia e Igualdad P\u00e1gina Web http:\/\/igualdadvalladolid.es\/ Tel\u00e9fonos 983 426 010 Horario de apertura Monday\u2013Thursday: 9 am \u2013 6 pm Friday: 2 pm \u2013 7 pm Saturday: 11 am \u2013 7 pm Curabitur ullamcorper [&hellip;]<\/p>\n","protected":false},"author":1,"featured_media":0,"parent":0,"menu_order":8,"comment_status":"open","ping_status":"open","template":"","meta":{"footnotes":""},"class_list":["post-8","page","type-page","status-publish","hentry"],"_links":{"self":[{"href":"https:\/\/cmi.formadenube.es\/index.php?rest_route=\/wp\/v2\/pages\/8","targetHints":{"allow":["GET"]}}],"collection":[{"href":"https:\/\/cmi.formadenube.es\/index.php?rest_route=\/wp\/v2\/pages"}],"about":[{"href":"https:\/\/cmi.formadenube.es\/index.php?rest_route=\/wp\/v2\/types\/page"}],"author":[{"embeddable":true,"href":"https:\/\/cmi.formadenube.es\/index.php?rest_route=\/wp\/v2\/users\/1"}],"replies":[{"embeddable":true,"href":"https:\/\/cmi.formadenube.es\/index.php?rest_route=%2Fwp%2Fv2%2Fcomments&post=8"}],"version-history":[{"count":11,"href":"https:\/\/cmi.formadenube.es\/index.php?rest_route=\/wp\/v2\/pages\/8\/revisions"}],"predecessor-version":[{"id":1631,"href":"https:\/\/cmi.formadenube.es\/index.php?rest_route=\/wp\/v2\/pages\/8\/revisions\/1631"}],"wp:attachment":[{"href":"https:\/\/cmi.formadenube.es\/index.php?rest_route=%2Fwp%2Fv2%2Fmedia&parent=8"}],"curies":[{"name":"wp","href":"https:\/\/api.w.org\/{rel}","templated":true}]}}